01 + -267. What are the prime factors of k?
2, 67
Suppose 30 = 5*y + 7*o - 3*o, 5*y + 15 = 5*o. Let p(x) = x**3 - x. Let l be p(y). Suppose 0 = l*f - 10*f + 288. What are the prime factors of f?
2, 3
Let j(u) = u**3 + 8*u**2 + 7*u + 3. Let b be j(-7). List the prime factors of (3/12 + b)*20.
5, 13
Suppose f + 8 - 28 = 4*o, -4*f - 5*o + 38 = 0. Suppose -2*a = f - 266. What are the prime factors of a?
127
Suppose -3*g = -6*g + 12, t - 10 = -2*g. What are the prime factors of -5*t/((-20)/578)?
17
Suppose -3*o = 3, v = 3*v - 5*o - 243. Suppose 3*h - v = -5. List the prime factors of h.
2, 19
Suppose 110*y - 3800 = 105*y. List the prime factors of y.
2, 5, 19
Let y(a) = a**2 + 16*a - 147. What are the prime factors of y(-28)?
3, 7
Suppose 0*d - 84 = -7*d. Suppose 4*w = -4*v + d, 3*w + 5*v - 3*v - 11 = 0. List the prime factors of w.
5
Let s(c) = -c + 15. Let v be s(12). Let o = v - 10. Let j(g) = g**2 + 5*g + 10. What are the prime factors of j(o)?
2, 3
Let l be (-8)/4*(-152)/4. Suppose -5*q = -0*q - 600. Suppose 7*t - q = l. List the prime factors of t.
2, 7
What are the prime factors of (-1)/(2/(-729)) + 187/374?
5, 73
Suppose y - 100 = -3*y. Let u = 442 + -427. Let v = y + u. List the prime factors of v.
2, 5
Let w(y) = y**3 + 9*y**2 - 10*y + 10. Let l(i) = -4*i**3 - 37*i**2 + 41*i - 41. Let r(n) = 2*l(n) + 9*w(n). What are the prime factors of r(-8)?
2
Let f be 4 + (-1 - -4 - -11). Suppose f*m = 22*m - 848. List the prime factors of m.
2, 53
Let g(t) = -7*t - 33. Let d be g(-7). Let c(u) = u**2 + u + 9. What are the prime factors of c(d)?
281
Let k = 3449 + -1742. List the prime factors of k.
3, 569
List the prime factors of 416 - (3 + 2 + 1).
2, 5, 41
Suppose -4*r + 31 = -3*g, -4*g - 7 = 13. Suppose 0 = -4*i - 0*i + 2*f + 138, f + 139 = r*i. What are the prime factors of i?
5, 7
Suppose -5*q + 90*d = 87*d - 6154, -4*q = -4*d - 4928. List the prime factors of q.
1229
Let y be (-5 - -50)*(-4 + 1). Let n = -93 - y. List the prime factors of n.
2, 3, 7
Let b = 25 + -25. Suppose -5*p - 30 = -b*p - 5*h, -32 = 2*p + 2*h. Let s = p + 50. List the prime factors of s.
3, 13
What are the prime factors of (-174)/(-261)*1599/2?
13, 41
Let v(a) = -3 - 6*a - 19*a - a**3 + 15*a + 18*a**2. List the prime factors of v(17).
2, 29
Suppose -11816 = -15*x + 9649. List the prime factors of x.
3, 53
Let v(o) = o**3 + 9*o**2 + 6*o - 15. Let k be v(-8). Suppose 14 = 2*r - 0*r. Let f = r + k. List the prime factors of f.
2
Let u(f) = 4*f**2 + 5*f - 5. Let t be u(5). Let i = -35 + t. What are the prime factors of i?
5, 17
Suppose 8*z = 7*z + 4. Suppose 4 = -0*w - z*w, w = -4*i + 87. List the prime factors of i.
2, 11
Suppose -17*i = -20*i - 5*a + 922, 4*a + 4 = 0. What are the prime factors of i?
3, 103
Let d = -11 - -242. Suppose -d = -2*q + 27. List the prime factors of q.
3, 43
Let n be 5/(-15) + 7/3. Suppose n*s - 10*s + 168 = 0. List the prime factors of s.
3, 7
Let s(x) = x**2 - x. Let v = -17 + 16. Let n be s(v). Suppose -n*m = m - 138. List the prime factors of m.
2, 23
Let z = -123 - -122. What are the prime factors of ((-1078)/(-21))/(z/(18/(-4)))?
3, 7, 11
Let w = -79 - -259. Let h = -127 + w. List the prime factors of h.
53
Let d = 151 - 147. Suppose 4*q - 296 = -y, -d*y + 616 = -2*y - 4*q. What are the prime factors of y?
2, 19
Let i be (-45)/30 + (-59)/(-2). Let f = i + -39. Let c(t) = t + 23. What are the prime factors of c(f)?
2, 3
Let p be -12 + 10 + 48*2. Suppose -6*k + 8*k = p. List the prime factors of k.
47
Let t(x) = 2*x - 27. Let d be t(16). Suppose -2*m + 78 = -u, d*u - 3 = 17. What are the prime factors of m?
41
Let p = 115 + 64. List the prime factors of p.
179
Let s(h) = -h**2 - 41*h - 18. List the prime factors of s(-30).
2, 3, 13
List the prime factors of (-5)/55 + (-13476)/(-11).
5, 7
Let w = -37 - -39. Suppose w*b = 2*p + 64, b - 5*p - 8 - 4 = 0. List the prime factors of b.
37
Suppose 0*v = d - v, 0 = 3*d - v - 4. Suppose d*u - 8 = -3*s + 166, -5*s + 290 = -2*u. List the prime factors of s.
2, 29
Let c = 3029 - 2331. What are the prime factors of c?
2, 349
Let v(s) = s + 1. Let f be v(2). Suppose 36 + 45 = f*d. List the prime factors of d.
3
Let b = 4 + 1. Suppose 14 = -3*l + k - b*k, -4*l + 4*k = -28. Suppose 0 = 5*q - 5*m - 50, q - 5*m - l = -2*m. List the prime factors of q.
2, 7
Suppose -b = -3*s - 3*b + 7, 4*s - 4*b = 16. Suppose -5 = -s*w + 16. Suppose w*a + 5 = 8*a. What are the prime factors of a?
5
Suppose 0*n = -n + 19. Suppose -n = i - 49. List the prime factors of i.
2, 3, 5
Suppose -4*n = 2*g, 0 = -g - g - 2*n + 2. What are the prime factors of g*1/4*(38 - 0)?
19
Let f(d) = 4*d**3 - d**2 + d. Let z be f(1). Suppose 0 = z*w - 4*y - 136, 0 = -5*w - 4*y - 54 + 197. List the prime factors of w.
31
Let z be 77/35 + 3/(-15). Suppose 5*l = z*l + 81. What are the prime factors of l?
3
Let u(z) = 2*z**2 - 14*z + 12. List the prime factors of u(8).
2, 7
List the prime factors of 7/35 + 16408/35.
7, 67
Suppose 1962 = 3*l + 3*j, 4*j = 6*l - 2*l - 2648. Suppose -5*n = o + o - 800, 2*o + l = 4*n. List the prime factors of n.
2, 3
Let s = -34 + 35. List the prime factors of (-244)/(-4)*1/s.
61
Let a(g) = -7*g + 234. What are the prime factors of a(-33)?
3, 5, 31
Let w(n) = 14*n + 120. What are the prime factors of w(29)?
2, 263
Let u = -111 - -61. Let r = u + 96. What are the prime factors of r?
2, 23
Let p(o) = -4*o**3 - 17*o**2 - 16*o + 20. Let u(f) = 3*f**3 + 17*f**2 + 16*f - 19. Let i(v) = -2*p(v) - 3*u(v). List the prime factors of i(-16).
17
List the prime factors of ((-26168)/32 + 13)/((-6)/16).
2, 29, 37
What are the prime factors of 572/33 - 17 - (-11027)/3?
2, 919
Suppose 6 = -o - 2*w, 5*w + 18 = -3*o + w. What are the prime factors of ((-3)/(-5))/(o/(-1140))?
2, 3, 19
Let a = 1121 + -651. What are the prime factors of a?
2, 5, 47
Let n = -7 + 7. Suppose -a + 14 = -n*a. Let r = -7 + a. List the prime factors of r.
7
Suppose 3*z - 3831 = b, -5*z - 5*b + 5130 + 1275 = 0. List the prime factors of z.
2, 3, 71
Let t = 40 - 22. Suppose t = 12*n - 9*n. Let a(r) = 2*r + 3. List the prime factors of a(n).
3, 5
What are the prime factors of 4 + 1152/3 - (-24)/(-8)?
5, 7, 11
Suppose 0*s = -3*s - 2*o + 163, -4*o = s - 71. Suppose -s = -2*j - 4*f + 125, -5*j + f = -473. What are the prime factors of j?
2, 47
Let z = -21 - -32. Suppose -3*o + 4*i + 202 = 0, o - 53 - z = -2*i. List the prime factors of o.
2, 3, 11
Let z = -7 - -5. Let g be (-30)/3*z/4. Suppose 4*x = g*h + 45, -2 = 4*h - 2*h. What are the prime factors of x?
2, 5
Let y(v) = 3 - 3 + 16*v + 0 - 1. List the prime factors of y(3).
47
Suppose 0 = 8*p - 13*p + b + 2486, 5*b = -2*p + 1016. What are the prime factors of p?
2, 3, 83
Suppose 692 = 2*j + 4*o, -525 = -3*j - 5*o + 508. Suppose -s + j = 7*s. What are the prime factors of s?
2, 3, 7
Let p(j) = -j**3 + j**2 - 2*j + 3. Let v be p(2). Let f be (-3)/(-15) - 59/v. Let z = -5 + f. List the prime factors of z.
7
Let k(f) = 36*f + 2. Let i(a) = -35*a - 1. Let q(u) = -5*i(u) - 4*k(u). Let z be q(2). Let w = z - 32. List the prime factors of w.
3
Suppose 5*i = -20, 61 = v - i + 5*i. What are the prime factors of v?
7, 11
Let k = -3 - -37. Let g = -32 + k. Suppose 3*l = -g*l + 140. List the prime factors of l.
2, 7
Let c = 12 - -28. Let x = 54 - c. List the prime factors of x.
2, 7
Let w(n) = -n**3 - 8*n**2 - 11*n + 3. Let q be w(-6). Let a(p) = -3*p**3 - 2*p**2 + 2*p + 6. List the prime factors of a(q).
3, 7
What are the prime factors of ((-2)/22*-11)/(2/1292)?
2, 17, 19
Suppose 5*n = -20, -3*s - 7*n + 2*n + 16 = 0. Let r = -4 + s. What are the prime factors of r?
2
Let u(m) = -m**2 + 2*m + 1. Let g be u(-1). Let z(k) = -k**2 + 2*k + 1. Let q be z(g). What are the prime factors of 3/(q/4 - -2)?
2, 3
Suppose 3*q + 4*w - 49 = 0, w = 4*q - 4*w - 24. Let o be -2*(-2)/(-8)*14. Let g = q + o. List the prime factors of g.
2
Let v(g) = -3550*g**3 + g**2 + g. What are the prime factors of v(-1)?
2, 5, 71
Suppose 0 = f + f - 2. Let w(p) be the first derivative of 15*p**2 + p + 174. List the prime factors of w(f).
31
Let n(h) = -h**3 + 3*h**2 + 2*h - 1. Let x be n(3). Suppose -a - x*u = -27, 0 = 2*u - 5 - 5. Suppose g - 12 = -a*g. What are the prime factors of g?
2
Suppose 0 = -2*t + 6*t - 3560. Suppose -2*c - t = -12*c. What are the prime fac